{"id":10799,"date":"2015-09-17T17:18:02","date_gmt":"2015-09-17T17:18:02","guid":{"rendered":"https:\/\/aplicacao.rio.br\/vilamilitar\/?page_id=10799"},"modified":"2024-08-26T12:25:19","modified_gmt":"2024-08-26T12:25:19","slug":"proposta-pedagogica-civico-militar","status":"publish","type":"page","link":"https:\/\/aplicacao.rio.br\/vilamilitar\/institucional\/proposta-pedagogica-civico-militar\/","title":{"rendered":"Proposta Pedag\u00f3gica C\u00edvico-Militar"},"content":{"rendered":"<h2><a href=\"https:\/\/aplicacao.rio.br\/vilamilitar\/wp-content\/uploads\/2024\/08\/proposta_pedagogica_civico_militar.jpg\"><img loading=\"lazy\" decoding=\"async\" class=\"alignnone wp-image-27247 size-large\" src=\"https:\/\/aplicacao.rio.br\/vilamilitar\/wp-content\/uploads\/2024\/08\/proposta_pedagogica_civico_militar-1024x683.jpg\" alt=\"\" width=\"960\" height=\"640\" srcset=\"https:\/\/aplicacao.rio.br\/vilamilitar\/wp-content\/uploads\/2024\/08\/proposta_pedagogica_civico_militar-1024x683.jpg 1024w, https:\/\/aplicacao.rio.br\/vilamilitar\/wp-content\/uploads\/2024\/08\/proposta_pedagogica_civico_militar-300x200.jpg 300w, https:\/\/aplicacao.rio.br\/vilamilitar\/wp-content\/uploads\/2024\/08\/proposta_pedagogica_civico_militar-768x512.jpg 768w, https:\/\/aplicacao.rio.br\/vilamilitar\/wp-content\/uploads\/2024\/08\/proposta_pedagogica_civico_militar.jpg 1280w\" sizes=\"auto, (max-width: 960px) 100vw, 960px\" \/><\/a><\/h2>\n<p>Com uma proposta inovadora, que alia os valores pr\u00f3prios da vida militar com aqueles inerentes a uma educa\u00e7\u00e3o de excel\u00eancia, o Col\u00e9gio Aplica\u00e7\u00e3o C\u00edvico-Militar busca formar cidad\u00e3os c\u00f4nscios de seus direitos e deveres, capazes de lidar com os desafios de fazer erigir uma na\u00e7\u00e3o forte, soberana e exuberante, que tem como destino estar entre as na\u00e7\u00f5es l\u00edderes do mundo. Para isso, pretendemos:<\/p>\n<p><strong>Formar cidad\u00e3os do mundo para o mundo<\/strong> a partir do desenvolvimento do sentido de pertencimento \u00e0 na\u00e7\u00e3o. Cidad\u00e3os promotores da paz e conectados de forma respons\u00e1vel com as necessidades mundiais.<\/p>\n<p><strong>Cidad\u00e3os orgulhosos do seu pa\u00eds, da sua p\u00e1tria<\/strong> e que sejam protagonistas das mudan\u00e7as que querem ver no mundo.<\/p>\n<p><strong>Desenvolver os valores familiares, sociais, e patri\u00f3ticos<\/strong> que assegurem a nossos alunos um futuro como digno cidad\u00e3o c\u00f4nscio de seus deveres, direitos e responsabilidades, qualquer que seja o campo profissional de sua prefer\u00eancia.<\/p>\n<p><strong>Formar jovens com vis\u00e3o cr\u00edtica dos fen\u00f4menos pol\u00edticos<\/strong> econ\u00f4micos, hist\u00f3ricos, sociais, cient\u00edficos e tecnol\u00f3gicos, ensinando-os a aprender para a vida.<\/p>\n<p><strong><strong>Compet\u00eancias a serem desenvolvidas em nossos alunos:<\/strong><\/strong><\/p>\n<h4><strong>CRIATIVIDADE<\/strong><\/h4>\n<h4><strong>CONHECIMENTO<\/strong><\/h4>\n<h4><strong>PROTAGONISMO<\/strong><\/h4>\n<h4><strong>CIDADANIA<\/strong><\/h4>\n<h4><strong>PENSAMENTO CIENT\u00cdFICO<\/strong><\/h4>\n<h4><strong>DISCIPLINA<\/strong><\/h4>\n<h4><strong>AUTOCONHECIMENTO<\/strong><\/h4>\n<h4><strong>AUTONOMIA<\/strong><\/h4>\n<h4><strong>CONECTIVIDADE<\/strong><\/h4>\n<h4><strong>COMPROMETIMENTO<\/strong><\/h4>\n<h4><strong>RESPONSABILIDADE SOCIAL<\/strong><\/h4>\n<h4><strong>EMPATIA<\/strong><\/h4>\n<h4><strong>COMUNICA\u00c7\u00c3O<\/strong><\/h4>\n<h4><strong>PATRIOTISMO<\/strong><\/h4>\n","protected":false},"excerpt":{"rendered":"<p>Com uma proposta inovadora, que alia os valores pr\u00f3prios da vida militar com aqueles inerentes a uma educa\u00e7\u00e3o de excel\u00eancia, o Col\u00e9gio Aplica\u00e7\u00e3o C\u00edvico-Militar busca formar cidad\u00e3os c\u00f4nscios de seus direitos e deveres, capazes de lidar com os desafios de fazer erigir uma na\u00e7\u00e3o forte, soberana e exuberante, que tem como destino estar entre as na\u00e7\u00f5es l\u00edderes do mundo. Para isso, pretendemos: Formar cidad\u00e3os do mundo para o mundo a&hellip;<\/p>\n","protected":false},"author":4918,"featured_media":0,"parent":516,"menu_order":0,"comment_status":"closed","ping_status":"open","template":"","meta":{"footnotes":"","_links_to":"","_links_to_target":""},"class_list":["post-10799","page","type-page","status-publish","hentry"],"_links":{"self":[{"href":"https:\/\/aplicacao.rio.br\/vilamilitar\/wp-json\/wp\/v2\/pages\/10799","targetHints":{"allow":["GET"]}}],"collection":[{"href":"https:\/\/aplicacao.rio.br\/vilamilitar\/wp-json\/wp\/v2\/pages"}],"about":[{"href":"https:\/\/aplicacao.rio.br\/vilamilitar\/wp-json\/wp\/v2\/types\/page"}],"author":[{"embeddable":true,"href":"https:\/\/aplicacao.rio.br\/vilamilitar\/wp-json\/wp\/v2\/users\/4918"}],"replies":[{"embeddable":true,"href":"https:\/\/aplicacao.rio.br\/vilamilitar\/wp-json\/wp\/v2\/comments?post=10799"}],"version-history":[{"count":11,"href":"https:\/\/aplicacao.rio.br\/vilamilitar\/wp-json\/wp\/v2\/pages\/10799\/revisions"}],"predecessor-version":[{"id":27249,"href":"https:\/\/aplicacao.rio.br\/vilamilitar\/wp-json\/wp\/v2\/pages\/10799\/revisions\/27249"}],"up":[{"embeddable":true,"href":"https:\/\/aplicacao.rio.br\/vilamilitar\/wp-json\/wp\/v2\/pages\/516"}],"wp:attachment":[{"href":"https:\/\/aplicacao.rio.br\/vilamilitar\/wp-json\/wp\/v2\/media?parent=10799"}],"curies":[{"name":"wp","href":"https:\/\/api.w.org\/{rel}","templated":true}]}}

Proposta Pedagógica Cívico-Militar

<h2><a href="https://aplicacao.rio.br/vilamilitar/wp-content/uploads/2024/08/proposta_pedagogica_civico_militar.jpg"><img loading="lazy" decoding="async" class="alignnone wp-image-27247 size-large" src="https://aplicacao.rio.br/vilamilitar/wp-content/uploads/2024/08/proposta_pedagogica_civico_militar-1024x683.jpg" alt="" width="960" height="640" srcset="https://aplicacao.rio.br/vilamilitar/wp-content/uploads/2024/08/proposta_pedagogica_civico_militar-1024x683.jpg 1024w, https://aplicacao.rio.br/vilamilitar/wp-content/uploads/2024/08/proposta_pedagogica_civico_militar-300x200.jpg 300w, https://aplicacao.rio.br/vilamilitar/wp-content/uploads/2024/08/proposta_pedagogica_civico_militar-768x512.jpg 768w, https://aplicacao.rio.br/vilamilitar/wp-content/uploads/2024/08/proposta_pedagogica_civico_militar.jpg 1280w" sizes="auto, (max-width: 960px) 100vw, 960px" /></a></h2>
<p>Com uma proposta inovadora, que alia os valores próprios da vida militar com aqueles inerentes a uma educação de excelência, o Colégio Aplicação Cívico-Militar busca formar cidadãos cônscios de seus direitos e deveres, capazes de lidar com os desafios de fazer erigir uma nação forte, soberana e exuberante, que tem como destino estar entre as nações líderes do mundo. Para isso, pretendemos:</p>
<p><strong>Formar cidadãos do mundo para o mundo</strong> a partir do desenvolvimento do sentido de pertencimento à nação. Cidadãos promotores da paz e conectados de forma responsável com as necessidades mundiais.</p>
<p><strong>Cidadãos orgulhosos do seu país, da sua pátria</strong> e que sejam protagonistas das mudanças que querem ver no mundo.</p>
<p><strong>Desenvolver os valores familiares, sociais, e patrióticos</strong> que assegurem a nossos alunos um futuro como digno cidadão cônscio de seus deveres, direitos e responsabilidades, qualquer que seja o campo profissional de sua preferência.</p>
<p><strong>Formar jovens com visão crítica dos fenômenos políticos</strong> econômicos, históricos, sociais, científicos e tecnológicos, ensinando-os a aprender para a vida.</p>
<p><strong><strong>Competências a serem desenvolvidas em nossos alunos:</strong></strong></p>
<h4><strong>CRIATIVIDADE</strong></h4>
<h4><strong>CONHECIMENTO</strong></h4>
<h4><strong>PROTAGONISMO</strong></h4>
<h4><strong>CIDADANIA</strong></h4>
<h4><strong>PENSAMENTO CIENTÍFICO</strong></h4>
<h4><strong>DISCIPLINA</strong></h4>
<h4><strong>AUTOCONHECIMENTO</strong></h4>
<h4><strong>AUTONOMIA</strong></h4>
<h4><strong>CONECTIVIDADE</strong></h4>
<h4><strong>COMPROMETIMENTO</strong></h4>
<h4><strong>RESPONSABILIDADE SOCIAL</strong></h4>
<h4><strong>EMPATIA</strong></h4>
<h4><strong>COMUNICAÇÃO</strong></h4>
<h4><strong>PATRIOTISMO</strong></h4>

<p>Com uma proposta inovadora, que alia os valores próprios da vida militar com aqueles inerentes a uma educação de excelência, o Colégio Aplicação Cívico-Militar busca formar cidadãos cônscios de seus direitos e deveres, capazes de lidar com os desafios de fazer erigir uma nação forte, soberana e exuberante, que tem como destino estar entre as nações líderes do mundo. Para isso, pretendemos: Formar cidadãos do mundo para o mundo a&hellip;</p>
